te 1 + (5 - (-9 + (-9 - -19))) - (-38 + -2).
45
39 - (-2 - -11 - -25) - 132
-127
What is the value of 8 + (-10 - (-3 - 3) - -7 - (-35 + -68))?
114
108 + 1 - ((-585 - -641) + (3 - 58))
108
Evaluate 59 + -16 + 35 + -12.
66
(136 - 127) + 11 + 0 + -111 + 49
-42
Calculate 19 - ((606 - 586) + 22 + -1).
-22
What is the value of (7 - -41 - 75) + 44?
17
Evaluate (-1 - 1 - 3 - (-8 - 11)) + 42 + -52.
4
Calculate 4 + 4 + -3 + (5 - 30) - (-27 - -36).
-29
Evaluate 149 + 11 - 135 - (0 + 35).
-10
What is the value of 4 + (3 - 33) + 4 - (394 + -395)?
-21
21 + (-9 - (4 + 4)) + 2 + -81
-75
What is the value of -19 + 16 + -8 + (-53 + 42 - (2 - -10))?
-34
Calculate (1 - 53) + (-8 + (11 + -1 - -1) - -1).
-48
Calculate (-2 - -24) + (-95 - -50 - (-138 - 5)).
120
1 + (-1 - 41) + -24 + 46 + -34
-53
Calculate -6 + (-12 - ((-13 - (-6 + -16)) + (-14 - 0))).
-13
Evaluate -13 + (8 - 5) - (-5 - ((-21 - -12) + -7)).
-21
What is 48 - 4 - (-129 - -102)?
71
Evaluate 4 + (-20 - -18 - (-6 + 8) - 106) + -10.
-116
Calculate (-54 - -61 - (-8 - 26)) + -10.
31
What is the value of (119 + -211 - -99) + -96?
-89
What is the value of -31 + 2 + (154 + -8 - 120)?
-3
What is the value of 85 + -1 + (-3 - -9 - 6 - (-5 - 1))?
90
What is the value of (-1 + (-7 - -10) - -14) + 4 + 15 + -19?
16
What is (-33 - (-8 + (-16 - 23))) + -1 + 5?
18
What is -6 + 86 - (38 + -82 + 25)?
99
Evaluate -14 - ((94 - 45) + (-29 - -3)).
-37
Evaluate 16 + (-16 - (-37 - -14)) + (9 - -3).
35
Calculate (23 - 3 - (182 + -178)) + -1.
15
Evaluate 15 - (21 + -7) - (38 + (5 - 10) - -3).
-35
1 + (17 - (-24 - (-20 + -35)))
-13
1 - (5 + (-26 - (8 + -18)) + 32)
-20
Calculate 4 + -22 - (-14 + -13 + -1).
10
What is the value of 9 + (3 - (1 - -1)) - (56 + -128 - -44)?
38
Evaluate (-39 - 20 - 36) + 16 + 1 + 8.
-70
43 + -106 + 7 + 114
58
What is 2 + 61 - (1309 + -1269)?
23
Calculate -40 + (-94 - -39) - -43.
-52
Evaluate 83 + 28 + -4 + (-22 - -3) + 23.
111
Evaluate 11 + -4 + -6 - (72 + -10 + 2).
-63
What is the value of -13 + 12 + 1 + 29 + 17?
46
-51 - (49 + -52) - -4
-44
Evaluate -31 - (-24 - -21) - -50.
22
14 + (-22 - 44) + 52
0
Evaluate 12 + -82 - (-2 - (2 + -6 - (-12 + -2))).
-58
Evaluate 10 + (96 - 98) + (1 - -5) + 2.
16
Calculate 3 + 3 - -3 - 4 - (35 + -31 - 36).
37
What is the value of -1 - 10 - (13 + 48 - 48)?
-24
3 - (27 - (39 - 20)) - -23
18
Evaluate 2 + -23 + 3 + (40 - 7 - 26) + -5.
-16
Evaluate -48 - (32 - (-3 + 51)).
-32
What is the value of (-1 - (7 + (8 - 8))) + -27?
-35
What is the value of 4 + (-20 - (-7 - (4 + -12 - -2)))?
-15
Evaluate (19 + 10 - 30 - 24) + (-1 - -6).
-20
Calculate (21 - -53) + -22 + (4 - -8).
64
What is the value of (37 - 7 - 26) + -38 + 4 + 1?
-29
7 + 31 + -22 - ((4 - (1 - 7)) + -17)
23
Evaluate (-58 + 17 - -28) + -4 + (4 - -1) + 8.
-4
Calculate (-42 - (8 - -62)) + (-1 - -15 - 3).
-101
What is (4 + (-11 - (3 + -18)) - 10) + -49 + 129?
78
36 + -46 + 46 + (-6 - 8)
22
What is 18 - 4 - (-25 - (-2 - 4))?
33
Evaluate (-12 - (-9 - (-18 + 39))) + -136.
-118
((4 - 15 - -8) + 3 - -1) + 56
57
What is 0 - (2 + -39 + 25 + (50 - 0))?
-38
What is 7 + (-10 + 11 - 5) + 55 - 8?
50
0 + 3 - -22 - (46 + -44 - 2)
25
What is -50 - ((7 - 1) + 3) - -20?
-39
Evaluate (2386 - 2387) + 55 + 0.
54
Calculate -59 + 1 - (-4737 + 4625).
54
Calculate 4 + 255 + -247 + (-13 - -1) + (-1 - 77).
-78
What is the value of (2 + (34 - 16) - 19) + -46?
-45
Evaluate (-11 - -4) + (3 - -4).
0
16 - (-1 + 142 + (-80 - -75))
-120
(-46 - (-24 + -1)) + 25 - (-5 - -1)
8
What is 3 + (23 - (16 - 29) - (5 - -6))?
28
Evaluate (16 + -8 - -3 - -16) + 0.
27
What is 76 - (-3 - -1 - (-25 + (-6 - (32 + -54))))?
69
Calculate (167 - 180) + (0 + 3 - -18) + 7.
15
What is (6 - (-16 - -11 - 17)) + 15 - (0 + 8)?
35
What is the value of (143 + -176 - -44) + (1 - -90)?
102
Calculate -11 - ((33 + -5 - -1) + 16 + -25).
-31
18 + -8 + 11 + (-19 - -25)
27
14 + -7 - 109 - (-425 - -391)
-68
What is (2 - 13) + 7 + 0 + 4 + 6 + -5?
1
(1 - 2) + 10 - (108 + -20 + 0 + 2)
-81
What is the value of 22 + -6 + (54 - 80 - -31)?
21
Evaluate 19 - 5 - (-16 + (20 - -7)).
3
What is the value of -3 + 17 + 130 + -115?
29
What is 2 - -7 - (29 + -15 + -51 + 15)?
31
Calculate 72 - (1 + 1) - (-914 - -915).
69
Calculate 12 + 0 - (-61 + 48) - 105.
-80
21 - 3 - (43 - (-67 + 104))
12
What is the value of 4 + -135 + 757 + -653?
-27
Evaluate -2 + -6 + -4 + (-80 + 46 - -65).
19
What is the value of -8 - (-67 + (41 - 17) + -1 + 4)?
32
Evaluate -81 - ((-42 - -39) + -1).
-77
What is 63 - (-3 + -2 + 8 + -2) - (260 - 251)?
53
What is (-3 - 1) + 48 + (-28 - 10) + -34?
-28
Evaluate -17 + 12 + -50 + 40 - (57 + 1).
-73
Evaluate -46 + -35 + 16 + 42.
-23
What is the value of 38 - (15 - (-139 - -67))?
-49
Evaluate -5 + 69 + (-15 - (-9 + 14)).
44
(-62 - -78) + -6 + (3 - (3 + 43))
-33
What is the value of (-17 - 26) + (83 - 37)?
3
Evaluate (-5 - (-9 + 3)) + (174 + -167 - (-3 - -3)).
8
What is 73 + -4 + 2 + (11 - 20) + 14?
76
What is 1 - (-1 + 8) - (-10 + 2) - (13 - -16)?
-27
What is the value of 41 + (114 - (217 + -91))?
29
Calculate (-58 - (-85 + -1)) + -1 + -14.
13
Calculate -27 + (10 - ((-2 - -24) + -3 + -6) - -13).
-17
What is the value of (-8 - -15) + (-2 - -3) - (-56 + 29)?
35
Calculate (-721 + 677 - (-18 - 0)) + -26.
-52
96 + (-17 - -55 - 100)
34
Calculate -84 + 2 + -4 - (-30 + (-23 - (-93 + 43))).
-83
What is (-8 - (-72 - -19)) + 0 + -3 + -8?
34
188 + -28 + -157 + (44 - (3 + -2))
46
-92 + 26 + (77 - -53)
64
What is the value of -1 + 4 - (74 - (-73 + 157))?
13
Calculate (2 - (-7 + (22 - 6)) - -12) + -11 + -73.
-79
Calculate -1 + (-14 - -1) + (79 - -75) + -56.
84
What is -955 + 917 + 148 + 5 + 1?
116
(3 + 0 - (19 + -22)) + -26
-20
-96 + 3 - (2712 - 2882)
77
Evaluate 37 + (-9 - (15 - 81) - 27).
67
What is -11 + 8 + -20 - -84?
61
What is 5 - (18 - (-2 + 22) - (-4 - -7) - 9)?
19
What is the value of 135 + 106 + 1 + -207?
35
(1 - 221) + (-4262 - -4372)
-110
What is the value of -15 + (-1 - (4 + 5)) + (-5 - (2 + -14))?
-18
Calculate (-23 - 5 - (-184 - -145)) + (-1 - (-6 - 1)).
17
Evaluate -90 + -113 + 191 - -135.
123
What is the value of -59 - -2 - ((-1 - 14) + (3 - -3))?
-48
What is the value of -19 - ((6 - 11) + -16) - 30?
-28
Calculate 54 + -5 + -133 + 64.
-20
What is (-4 - (18 - 41)) + -10 - -20?
29
Evaluate 118 + (-2 + 2 + (43 - 43) - 11) + 8.
115
Calculate (3 - (1 - 0)) + (50 - (-35 - (-85 + 20))).
22
Calculate 23 + (20 - (-23 + 17 + 58)).
-9
What is the value of (-4 - -6 - 1) + (-30 + 11 - -19) - 100?
-99
What is (114 - 266 - -132) + 30 + -4?
6
What is the value of -12 + 9 + -7 - (-55 + 32)?
13
Calculate 15 + (-1 + -5 - (-58 - (-63 - -38))).
42
What is 2 + -15 + (-38 - -61) + -13 + 3?
0
What is -52 + (70 - (144 + -61))?
-65
What is -59 + 57 + 0 - (-1 + -2 - 62 - 1)?
64
What is 3 + -4 + 3 + -40 - (41 - 53) - -10?
-16
Calculate -21 + 56 - (5 - (3 + (-15 - -9))).
27
Evaluate 0 - (3 - (-15 - (4 + 3 - 19))).
-6
Evaluate -18 + -2 + (4 - 2) + 1187 + -1200.
-31
Evaluate 7 + (13 - (-23 + 16) - (-1 - -23)).
5
Evaluate 13 + (-14 + 15 + (-3 - 4) - -2) - 78.
-69
Evaluate 10 - (539 + -588 - (-1 + -19)).
39
(-83 - (-49 - -60)) + -3 + (3 - 3) + 9
-88
-12 + (-28 - -19) - (9 + -1 - 0)
-29
What is the value of (12 - 97) + 61 - (1 + 67)?
-92
Calculate (62 - 53) + (-7 - 19) + -4.
-21
Calculate -44 + 73 + -3 - 32.
-6
-2 - (-3 + 2 + 37 - (18 + -4 - 4))
-28
Evaluate 16 + -47 - -19 - (-1 - (4 + (1 - 6))).
-12
Calculate -12 - (-7 - 13 - 2) - (-11 - -11).
10
Calculate -71 + (-43 - (18 - 44)).
-88
2 + 15 - (33 - (39 - 43))
-20
Calculate 10 + (-8 - -39 - 23) - 8.
10
What is -61 + (56 - 37) + 54?
12
What is the value of (-9 - (3 + (-58 - -31))) + -12?
3
What is -85 + 7 + 24 + 68?
14
Evaluate -19 + (35 - 27) - (48 - (5 - 13)).
-67
What is (1 - 8) + (-21 - -35)?
7
Calculate (3 - (19 - 1)) + (228 - 222).
-9
What is the value of (316 - 318) + (5 - (-3 - -29))?
-23
71 + -19 + 3 + (-4 - -20) + -4 + 1
68
Calculate -143 + (-157 - -220) + 156.
76
What is (5671 - 5617) + (-101 - 0)?
-47
What is the value of 5 + 13 + 73 + (-30 - -19) + -2?
78
Calculate (-10 - (-4 - -7)) + -3 + (8 - 0).
-8
What is 70 - 2 - ((-174 - -186) + -2 + -6 + 4)?
60
What is the value of -31 - (-43 - (-53 - 3))?
-44
Evaluate -54 - (-100 + 87 + -165).
124
10 + 33 - (59 - 37)
21
(-1 - -9) + -2 + (5 - 62) + (-65 - -59)
-57
-34 - -20 - (-354 + 441)
-101
What is the value of 15 - 